et z(c) = -c**2 - 4*c + 1. What is z(v)?
5
Let m = 17 + -22. Let b(x) = 4*x**3 - 8*x**2 + x + 1. Let t(g) = -2*g**3 + 4*g**2 - g. Let z(p) = m*t(p) - 2*b(p). Suppose -6*k = -2*k - 8. Give z(k).
4
Let s(f) = f**2 + 14*f - 10. Suppose -5*k = 4*q + 66, -11*k + 15*k = 2*q + 20. What is s(q)?
-10
Suppose 0 = 3*n - 2*y - 28, 5*n - 3*n = y + 18. Let u(o) = -14*o + 4*o**2 + 4 + 18*o - n*o - o**2 + o**3. Give u(-4).
4
Suppose 0 = -2*u + 4*n - 14, 5*u + 0*n - 5*n + 35 = 0. Let v(b) = -5*b. Let a(z) = -z + 1. Let m(w) = -4*a(w) + v(w). What is m(u)?
3
Let p(m) = 15*m**3 + 1. Let j(w) = -119*w**3 - 2*w**2 - 2*w - 1. Let u be j(-1). Let o be 22/55 - u/(-5). Let k = -25 + o. Calculate p(k).
-14
Let t(f) = -f**3 + 5*f**2 + 7*f - 8. Let i be 2/10 + 198/10. Suppose -5*r + i = 0, -4*p + 3*r = r - 16. Give t(p).
-2
Let k(d) = -3*d**3 - 8*d - 2*d + 10*d**2 - 17 + 2*d**3 + 3*d**2. Determine k(12).
7
Let r be 3/2 - (-15)/6. Suppose -r*o = -4 + 20. Let u(i) = -i**3 - 4*i**2 - 2. Determine u(o).
-2
Let w = 1400 + -1393. Let q(i) = 2*i - i + 0*i + 4 - 11. Determine q(w).
0
Let k(y) = y**2 - 23*y - 23. Let w = 984 + -960. Give k(w).
1
Suppose 4*n - 2*n + 16 = 0. Let t(b) be the first derivative of -3*b**2/2 - 2*b - 488. Give t(n).
22
Suppose 15*t = 6*t - 72. Let u(l) = l + 6. What is u(t)?
-2
Let f(x) be the third derivative of -6*x**2 + 0 + 0*x**5 + 0*x**6 + 1/840*x**7 + 1/4*x**4 - x**3 + 0*x. Let k(v) be the first derivative of f(v). What is k(0)?
6
Let o(p) = p**2 + 8*p + 6. Let n be 0 + 4*(-3)/(-12) + -8. What is o(n)?
-1
Let n = -44 - -56. Suppose -12*d + n = -9*d. Let c(h) be the second derivative of -h**4/12 + h**3/3 - h**2/2 - h. What is c(d)?
-9
Let b(y) be the second derivative of 11/24*y**4 + 0 + 0*y**2 + y**3 + 1/120*y**5 - y. Let u(n) be the second derivative of b(n). Determine u(0).
11
Suppose 6 - 7 = -k. Let m be 1 + (1 - (k - -3)). Let j(a) = 4*a**2 + 1 + 4*a + 2 - 13*a**3 + 14*a**3. Determine j(m).
3
Let c(m) = -m + 6. Suppose 3*i + 38 = 5*h, 0 = 2*i - 6*h + 3*h + 24. Determine c(i).
12
Let z(h) = -h - 5. Let g(v) = -v**3 - 3*v**2 + 8*v + 11. Suppose 4*d - s + 14 = 0, 0*d - 3*s = -4*d - 10. Let y be g(d). Give z(y).
0
Let f = 39 - 10. Let b = -21 + f. Suppose -5*q + 3*q = -b. Let l(w) = -w**2 + 6*w - 6. What is l(q)?
2
Let c = 82 - 90. Let m be (-8 + 4)*2/c. Let k(l) = -22*l - 1. Calculate k(m).
-23
Let q(w) = -w**3 - 7*w**2 + 27*w + 193. Let p be q(-7). Let f(m) = -m + 8. What is f(p)?
4
Let w(l) = -2*l**2 + 3*l**2 + 7*l - 2*l - 8. Suppose 7*b - 4 = 101. Let f be (18/b)/((-2)/10). Determine w(f).
-2
Suppose 0 = 4*b + 4. Let n = 21 - 19. Let v(k) = 11 + 0*k**2 - 10 + 6*k**n + k. Calculate v(b).
6
Suppose 0 = 37*r - 35*r + 4. Let i(g) = g**3 + g**2 - g - 3. Calculate i(r).
-5
Let p(k) = -k**2 + 5*k - 10. Suppose -5*g - 19 = -3*v, -5*g - 2 - 5 = v. Let a be p(v). Let f(r) = r + 5. Give f(a).
1
Let j(u) = u**2 - 1. Let x be j(2). Let i(y) = -3*y - 4 - y**2 + 2 - 3 + x. Suppose -5*g - 4 = 6. Give i(g).
0
Let c be 398/(-5) - 36/90. Let g = 85 + c. Let w(m) = m**3 - 4*m**2 - 5*m - 4. Calculate w(g).
-4
Suppose -16*o = 9 - 25. Let b(k) = 30*k + 1. What is b(o)?
31
Let d(h) = 2*h - 1. Let j = -32 + 34. Suppose 16 = 3*i - j*q + 49, 11 = -i + 3*q. Let k = i - -16. Determine d(k).
9
Let a = 2 - 0. Let v(z) be the first derivative of -5*z**2/2 - 2*z + 181. Determine v(a).
-12
Let b(h) = -h**3 + 3*h**2 + 2*h + 1. Let t(q) = 22*q - 4*q**2 + 1649 - 1655 + 0*q**2. Let v be t(5). Give b(v).
-7
Let n(z) = z**2 + 7*z - 11. Suppose 3*s - 4 = 2*x, -8 - 32 = 4*x + 2*s. Determine n(x).
-3
Let i(y) = y**3 + y - 1. Let f(a) = 4*a**3 - 6*a**2 + a + 1. Suppose -9 + 2 = -7*r. Let u(m) = r*f(m) - 5*i(m). What is u(-5)?
1
Let a(l) = 0*l**2 + 3*l**2 - 4*l**2 - l + 0*l**2 - 203 + 202 - 8*l**3. Let f = 44 + -21. Suppose 3*p - 4*k = -f, -17 = p - 4*p - 4*k. Determine a(p).
7
Let c(b) = 41*b + 614. Let s be c(-15). Let v(t) = -83*t**3 + t**2 - 1. Determine v(s).
83
Suppose -q + 6 = -n, 3*q - 6*q + 2*n = -15. Let u(p) = 3*p + 2. Determine u(q).
11
Let w(z) = -z - 6. Let f = -85 - -136. Suppose -10*x - 9 - f = 0. Give w(x).
0
Suppose -145 = -5*x - 2*w, x - 6 = 4*w + 1. Suppose 2*a - 4*o = 5*a + 29, -3*o = 4*a + x. Let b(m) = m**2 - 2. What is b(a)?
7
Suppose -6*j + 8*j = 8. Suppose 0 = -4*g - 0*g - j*t + 28, -2*t = -10. Let z(d) = d**2 + 3*d - 1. Calculate z(g).
9
Let l(f) be the third derivative of -1/12*f**4 - 1/120*f**6 - 4/3*f**3 - 1/10*f**5 + 26*f**2 + 0 - 2*f. Give l(-6).
4
Let o(m) = m + 2. Suppose -3*d = t - 7, 3*t = -t + 2*d. Let c be (-1)/(1*t/12). Let u = 10 + c. Give o(u).
0
Suppose -84 = 24*a - 36*a. Let t(r) be the first derivative of r**4/4 - 2*r**3 - 3*r**2 - 3*r - 1. Calculate t(a).
4
Let d be (3/2)/((-18)/336*-7). Let f(j) = -j**3 + 3*j**2 + 4*j - 6. What is f(d)?
-6
Suppose -3*r + 2*r + 5*j = 19, -2*r - j + 17 = 0. Let k(b) = -b**3 + 5*b**2 + 3*b. Determine k(r).
-18
Let h(m) = -3*m**2 - 6*m - 6. Let q be h(-4). Let v = -21 - q. Let x = -6 + v. Let w(a) = a**3 - 5*a**2 + 4*a + 1. Determine w(x).
-5
Let h(q) = -q**3 - 5*q**2 - 2*q - 4. Let w be h(-5). Let k(d) = -d**2 + 4*d + 13. Let n be k(w). Let x(c) = -3*c - 2 + 11*c + 0 + n. Calculate x(-1).
-9
Suppose -4*v - 25 = -1. Let p(r) be the third derivative of r**5/120 + r**4/4 + 4*r**3/3 - r**2. Let d(c) be the first derivative of p(c). Give d(v).
0
Let z(m) = m**3 - 9*m**2 + m - 6. Let d be 1/(1/(-1) + (-426)/(-432)). Let u = d + 81. Determine z(u).
3
Let i(m) = -m + 5 + 0 - 9 + 11. Determine i(-7).
14
Let z(m) = 4*m**3 - 4*m**2 + m + 8. Let w(g) = -g**3 + 2*g**2 - g - 1. Let j(t) = 5*w(t) + z(t). Determine j(4).
19
Let w(s) be the first derivative of -s**3 + 2*s - 91. Calculate w(-2).
-10
Suppose -3*q = 4*m + 1, -m + 26 = -q - 2*q. Let i(b) = -b**2 - 5*b + 7. Calculate i(q).
-7
Let v(c) = c**3 - 3*c**2 - c - 10. Let q be v(4). Let j(z) = 5*z**2 + 2*z - 2. What is j(q)?
22
Let q(c) = -2*c**2 - 17*c + 1. Let i = 42 + -46. Let v(t) = t**2 + 9*t - 1. Let j(y) = i*q(y) - 7*v(y). Let a(n) = 3*n - 1. Let x be a(-1). Calculate j(x).
-1
Let w = 96 + -93. Let r(o) = o**2 + w*o + o - 2*o + 22*o**3 - o. Determine r(-1).
-22
Let c(a) = 2*a + 11. Let t be c(16). Suppose -7 = 5*i + t. Let z(b) = b**3 + 9*b**2 - 11*b - 10. Calculate z(i).
0
Suppose 0*l + 3*l - 5*t - 29 = 0, -t = -5*l + 19. Let k(m) = m**2 + m**3 - 2*m - m**2 - 2*m**l + 1 + 2*m**2. Determine k(2).
-3
Let t(g) = 27*g - 8*g**2 + 0*g**2 + 0 - g**3 - 3*g**2 - 4 + 24. Give t(-13).
7
Let u(c) = c**2 + 8*c + 9. Let g be u(-7). Let d(i) be the first derivative of -i - 2/3*i**3 + i**2 + 1/4*i**4 + 4. What is d(g)?
3
Let d(w) = w**3 + w**2 - 4*w - 4. Let v(z) = -z**2 - 1. Suppose -r + 4*r = u, -3*u + 5 = -4*r. Let y(c) = u*v(c) - d(c). Give y(-5).
6
Let d(j) = -3*j + 3. Let g be d(3). Let m(t) = 4*t**3 - 27*t**2 - 7*t - 1. Let a(b) = -17*b**3 + 112*b**2 + 28*b + 4. Let o(w) = 5*a(w) + 21*m(w). What is o(g)?
5
Let u(k) = k**3 - 10*k**2 + 8*k. Suppose 0 = 16*v - 10*v - 54. What is u(v)?
-9
Let d(p) = 4*p**3. Let x be d(1). Suppose k - 20 = -x*k. Let a(b) be the third derivative of -b**4/24 + 2*b**3/3 - 7*b**2. Give a(k).
0
Suppose -344 = -2*s - 6*s. Let w = s - 45. Let n(t) = -2*t**2 + 3*t + 3. Give n(w).
-11
Let v be (12 - 61/5) + 14/(-5). Let n(g) = -5*g**2 - 4*g - 1. Give n(v).
-34
Suppose v - 3 = 8. Let u(o) = v*o + o**2 - o - 4*o**2 + 4*o**2 + 5. Calculate u(-9).
-4
Let u(y) = -y - 1. Let v(a) = -2*a - 9. Suppose 6*w = 10*w + 28. Let x be v(w). Give u(x).
-6
Let v(y) = y - 7. Let m be v(1). Suppose 0 = g + 3*g - 8. Let l(c) = -5*c + 1 + 0 - c**2 - g*c. Give l(m).
7
Let i(h) = 2*h**2 + 21*h + 1. Suppose -8 = 4*y + 32. Let k be i(y). Let d = -10 - k. Let r(w) = 3*w. Calculate r(d).
-3
Let x = 34 - 26. Suppose -2*b = -x*b + b. Let q(d) = 4*d**3 + 2*d**2 + d + 5. Let w(g) = -5*g**3 - 3*g**2 - g - 5. Let n(c) = -4*q(c) - 3*w(c). Calculate n(b).
-5
Let q(v) = -5*v + 68. Let f(l) = 3*l - 44. Let g(p) = 8*f(p) + 5*q(p). Calculate g(-19).
7
Let f = 27 - 23. Suppose -t = -8 + f. Let o(r) = -15*r + 15. Let q(x) = -7*x + 7. Let w(a) = -6*o(a) + 13*q(a). Give w(t).
-3
Let x = 153 - 148. Let o(b) = b**3 - 4*b**2 - 5*b + 7. Determine o(x).
7
Let z(v) = 0*v**2 + v**3 + 6*v**2 - 2*v**3 - 39*v + 20*v + 22*v - 19. What is z(6)?
-1
Let c(j) = -3*j - 1. Suppose 6 = 4*q - q, -4*q + 20 = 4*y. S